-7)/(-385))?
2, 11
Suppose -8*q = -13*q + 190. Suppose -s + 2*s - q = -4*b, 0 = -2*s + b + 121. What are the prime factors of s?
2, 29
Suppose -5*y + 284 = -1326. What are the prime factors of y?
2, 7, 23
Let t = 57 - 35. Suppose 4*h - 7 + 1 = 3*q, -4*h = 5*q - t. List the prime factors of h.
3
Suppose -14 + 128 = 2*q. Let r = 9 - 6. Suppose r*k - 186 = -q. List the prime factors of k.
43
Suppose -5*p - 13 + 23 = 0. Suppose -v - 3*w - 3 = w, 0 = -p*w - 10. What are the prime factors of v?
17
Let l(i) = i**2 - 5*i - 5. Suppose 3*n - 3*w - 26 = -5, w = -3*n + 13. Let f be l(n). Let q(d) = -d**3 - 4*d**2 + 2*d - 1. List the prime factors of q(f).
2, 7
Let u(k) = -8*k - 5. Let t be u(-2). Let v(c) = -9 + t*c - 3*c - 4*c. What are the prime factors of v(8)?
23
Let n = 285 - 243. List the prime factors of n.
2, 3, 7
Let h(b) = -4*b - 16. Let a be h(-4). Let q = 52 + a. What are the prime factors of q?
2, 13
Let b(k) = -41*k - 1. Let f = -15 - -14. Let o be b(f). Suppose -o - 6 = -2*p. What are the prime factors of p?
23
Suppose 5*i + 3*p - 31 = 0, 6*i - i - 29 = -2*p. Suppose 0*z + 2*d + 132 = i*z, 0 = z - 2*d - 28. What are the prime factors of z?
2, 13
Suppose 43*z + 27*z - 188370 = 0. List the prime factors of z.
3, 13, 23
Suppose -5*k = -3*x - 32, -4*x + x = 2*k - 17. Let b(g) = 2*g**2 + 7*g + 1. What are the prime factors of b(k)?
2, 37
Suppose -5*j + 1402 = -4*x, -6 = -5*x + 2*x. List the prime factors of j.
2, 3, 47
Let s(f) = f**3 + 15*f**2 - 54*f + 21. What are the prime factors of s(-18)?
3, 7
Let a = -1066 - -2460. What are the prime factors of a?
2, 17, 41
Let m(i) = 3*i - 22. Let s be m(8). Suppose -5*r = s*k - 520, 0 = -5*r + r + 4*k + 388. What are the prime factors of r?
2, 3, 17
Let q be (-1)/((-2)/(-86))*(-4 + 3). What are the prime factors of (q/(-26) + 8/52)*-50?
3, 5
Suppose x - 2 = 9. Let m(o) = -o + 12. Let u be m(x). Let d = u + 10. What are the prime factors of d?
11
Suppose 2*a + 4*d - 12 = 0, d + 4*d - 23 = -3*a. Let n be -4*(-4)/a*2. Suppose -22 = -4*f + n*f. List the prime factors of f.
11
Let r(m) = -10*m - 2*m - 203 + 191. List the prime factors of r(-11).
2, 3, 5
What are the prime factors of 13 + -5 + 3002 - 8?
2, 19, 79
Let p = 190 - 109. What are the prime factors of p?
3
Let z(l) = -334*l + 40. What are the prime factors of z(-5)?
2, 3, 5, 19
Let w(i) = -i**3 + 8*i**2 - 2*i - 9. Let a be 0/(-2)*1/3. Suppose a*x + 7 = x. List the prime factors of w(x).
2, 13
Let u = 4 - 0. Suppose u*f - 332 = -2*h, h + 59 + 24 = f. List the prime factors of f.
83
Let a(s) = -s**2 - 14*s - 8. Suppose -2*n - 24 = -6. What are the prime factors of a(n)?
37
Let s = -255 + 536. Let p = 471 - s. List the prime factors of p.
2, 5, 19
Let o(i) = -117*i + 31. What are the prime factors of o(-10)?
1201
Suppose -3*g - 28 = 14. Let n = g + 16. Suppose -n*a + 51 = 17. What are the prime factors of a?
17
What are the prime factors of (-24)/(-30)*((-4988)/(-8) + 4)?
2, 251
Suppose 2*d = 7*d - 165. Suppose r + 3*y + d = 2*r, -r + 31 = -5*y. List the prime factors of r.
2, 3
Let g(q) = -4*q + 44. Let l be g(21). Let m = 8 - l. List the prime factors of m.
2, 3
Suppose 0 = 15*o - 49 - 161. Suppose -5*l = -o*l + 1638. List the prime factors of l.
2, 7, 13
Suppose 532 = 28*b - 308. List the prime factors of b.
2, 3, 5
Suppose 0*g - 2*g = -4*q + 114, -3*q = -4*g - 223. Let j = 135 + g. List the prime factors of j.
2, 5
Let d = 109 + -114. Let m(k) = -2*k**3 - 4*k**2 - 21*k - 3. List the prime factors of m(d).
2, 3, 7
Suppose 0*r + 3*r - 606 = -3*w, 0 = -w + 2*r + 211. Suppose -f = -4*g - 6*f + w, 5*f + 15 = 0. List the prime factors of g.
5, 11
Let p(s) = s**3 + 3*s**2 + 11. Suppose 5*h + 4 = 4*b, -4*h + 3 - 2 = b. What are the prime factors of p(h)?
11
Suppose t + 50 - 212 = 0. Suppose -3*g = -t - 534. List the prime factors of g.
2, 29
Let j(c) = -5*c**3 + 2*c**2 - 1. Let f be j(2). Let t be (f/6)/((-4)/(-8)). Let w = t + 37. List the prime factors of w.
2, 13
Suppose -3*y = -5*y + 8134. List the prime factors of y/35 + 1/(-5).
2, 29
Suppose -2*b - 10 = 2*z - 4, 3 = z - 2*b. Let d be (z + (-9)/(-5))*-15. List the prime factors of 1*d*4/(-16).
3
Let k = -1 - -13. Let j = k - -13. What are the prime factors of j?
5
Let i = 836 - 339. List the prime factors of i.
7, 71
Let b be ((-3)/4)/(10/(-40)). Suppose 0 = -q + b*r + 152, r - 322 = -2*q - 2*r. List the prime factors of q.
2, 79
Suppose -3*x + 8 = -4. What are the prime factors of ((-3)/x)/(2 + (-153)/76)?
3, 19
Let w = -57 - -62. Suppose w*m + 3*m - 456 = 0. List the prime factors of m.
3, 19
Suppose 0*x = n - 2*x - 7, -2*x + 18 = 4*n. Suppose -3*h - 405 = -2*y, -n*y + 3*h = -2*y - 615. What are the prime factors of y?
2, 3, 5, 7
Let p = 3 + 1. Suppose -k - f + 0*f = -13, -k = -2*f - 10. Suppose 0*i = -p*i + k. What are the prime factors of i?
3
What are the prime factors of 5834/(-4)*((2 - 6) + 2)?
2917
Let n(t) = t**2 - t + 1. Let z(b) = -123*b**2 + 7*b - 7. Let l(m) = -6*n(m) - z(m). What are the prime factors of l(-1)?
7, 17
Let p(k) = -2*k + 107. List the prime factors of p(-13).
7, 19
Suppose -51*o + 1247 = -48*o - 4*a, 2*o - a - 823 = 0. What are the prime factors of o?
409
Let a(x) = -2*x**3 + 51*x**2 - 5*x - 34. List the prime factors of a(25).
2, 233
What are the prime factors of 12/9 - (-3 + (-15785)/21)?
2, 3, 7
Let x(o) = -110*o - 60. List the prime factors of x(-5).
2, 5, 7
Let m(p) = -p**3 - 8*p**2 - 5*p + 7. Let c be m(-7). Let k = 14 + c. Suppose k + 18 = 5*b. What are the prime factors of b?
5
Let c(w) = -w**2 - 8*w - 8. Let j be c(-6). Suppose -2*n - 2*n = j. What are the prime factors of 30 + n + 3 + -3?
29
Suppose 0 = -10*g - 35 + 135. Suppose g*b = 5*b + 695. What are the prime factors of b?
139
What are the prime factors of 451/(-3 + (-60)/(-18))?
3, 11, 41
Suppose 48*m - 33*m = 5250. List the prime factors of m.
2, 5, 7
Let c be (-2)/12 + (-3)/(-18). Suppose c = 2*j - j - 5. Suppose -2 + 1 = -3*z + j*x, x = 2*z - 3. What are the prime factors of z?
2
Suppose 3*z - 10 = -2*d, -4*z - 2*d + 13 = d. Suppose 107 = z*g - 161. List the prime factors of g.
67
Suppose -2*x + 1759 = u, 5*u + 3539 = 4*x - 0*u. What are the prime factors of x?
881
Let m = 75 + 378. Suppose 5*w - 11*q - m = -13*q, -w - q + 90 = 0. What are the prime factors of w?
7, 13
Let u be (-9)/(-12)*(-16)/(-6). Let a(k) = 11 - k**u - 4 - k + 2*k**2. What are the prime factors of a(5)?
3
List the prime factors of (-1)/(0 - (-7)/(-21)) - -1585.
2, 397
Suppose -x + 57 = -3*t + 18, -x - 3*t + 45 = 0. Suppose -x = -y + 112. List the prime factors of y.
2, 7, 11
Suppose 2*n - 3*l - 1065 = 0, -358 - 1742 = -4*n - 4*l. List the prime factors of n.
2, 3, 11
Suppose -3*k = -2946 + 852. List the prime factors of k.
2, 349
Suppose 5*r + h - 5*h = 2474, -4*r - 5*h = -1971. What are the prime factors of r?
2, 13, 19
Let c(s) = s**3 - 17*s**2 + 38*s + 3. List the prime factors of c(16).
5, 71
Let y = -1807 + -9632. List the prime factors of (-3)/(-7) - y/63.
2, 7, 13
Suppose 5*t = 4*p + 2, -2*p + 6*p + t + 14 = 0. Let y be 1/(1/6) + p. Suppose -2*q = -y*q + 64. List the prime factors of q.
2
Suppose 2*q = -q + 492. What are the prime factors of q?
2, 41
Let i(z) = z + 14. Let m be i(-15). Let f be 852/16 - m/(-4). Suppose -2*q = -5*g - 39 - 63, q - 3*g = f. List the prime factors of q.
41
Suppose 4*y + 214 = -4*g + 1094, 5*y + 202 = g. What are the prime factors of g?
7, 31
Let y be 10/((-4)/22 - (-24)/11). Suppose 2*k - 48 = y*a, -7*k + 2*k = a - 174. What are the prime factors of k?
2, 17
Suppose -4*t - k + 5112 = -0*t, 4*t + 2*k - 5116 = 0. What are the prime factors of t?
1277
Let p = 59 + -44. Suppose -10*r - 50 = -p*r. What are the prime factors of r?
2, 5
Suppose -4*u + 230 = u. Suppose -2*t = 2*p - 90, -p + 29 = -5*t - u. What are the prime factors of p?
2, 5
Let y be (-1880)/(-8)*1/1. Let a = -168 + y. What are the prime factors of a?
67
Suppose -3*r + 119 = 2*r + j, -r = -j - 25. Suppose -r = -5*z - 4. What are the prime factors of z?
2
Let a = -265 - -885. What are the prime factors of a?
2, 5, 31
Let y(i) = -63*i + 3. Let h(f) = -16*f + 1. Let m(v) = -21*h(v) + 5*y(v). What are the prime factors of m(4)?
2, 3, 13
Let i(a) = 2*a**2 + 9*a - 9. List the prime factors of i(25).
2, 733
Let w(q) be the second derivative